 digit of 385499?
5
What is the hundreds digit of 229370?
3
What is the ten thousands digit of 6719486?
1
What is the hundreds digit of 25980?
9
What is the thousands digit of 286885?
6
What is the millions digit of 2425381?
2
What is the thousands digit of 622500?
2
What is the units digit of 9623?
3
What is the hundred thousands digit of 178229?
1
What is the units digit of 34121?
1
What is the hundred thousands digit of 6934285?
9
What is the units digit of 27002022?
2
What is the millions digit of 2642492?
2
What is the millions digit of 1190351?
1
What is the ten millions digit of 10125201?
1
What is the ten thousands digit of 983766?
8
What is the tens digit of 688964?
6
What is the units digit of 637262?
2
What is the thousands digit of 214107?
4
What is the ten thousands digit of 659341?
5
What is the tens digit of 124257?
5
What is the hundred thousands digit of 5380660?
3
What is the tens digit of 973229?
2
What is the hundreds digit of 125867?
8
What is the units digit of 249814?
4
What is the hundred thousands digit of 24383930?
3
What is the units digit of 3442516?
6
What is the hundreds digit of 4329133?
1
What is the ten thousands digit of 26249253?
4
What is the ten thousands digit of 6040744?
4
What is the tens digit of 35604664?
6
What is the hundred thousands digit of 11036891?
0
What is the tens digit of 291439?
3
What is the hundred thousands digit of 744467?
7
What is the tens digit of 342491?
9
What is the tens digit of 22712384?
8
What is the ten thousands digit of 764413?
6
What is the units digit of 91397?
7
What is the thousands digit of 12188809?
8
What is the units digit of 2353873?
3
What is the units digit of 2356862?
2
What is the thousands digit of 496285?
6
What is the tens digit of 196545?
4
What is the hundreds digit of 7127205?
2
What is the hundred thousands digit of 114732?
1
What is the ten thousands digit of 233246?
3
What is the tens digit of 840345?
4
What is the tens digit of 567390?
9
What is the millions digit of 23247125?
3
What is the hundreds digit of 316106?
1
What is the units digit of 13305481?
1
What is the hundreds digit of 4671498?
4
What is the millions digit of 6095753?
6
What is the hundreds digit of 3910629?
6
What is the hundreds digit of 539896?
8
What is the units digit of 167921?
1
What is the ten thousands digit of 216869?
1
What is the units digit of 510380?
0
What is the hundreds digit of 5945862?
8
What is the thousands digit of 642844?
2
What is the tens digit of 1247460?
6
What is the thousands digit of 18075?
8
What is the tens digit of 4402083?
8
What is the ten thousands digit of 2949241?
4
What is the hundred thousands digit of 6482140?
4
What is the units digit of 1664552?
2
What is the hundreds digit of 4462186?
1
What is the hundred thousands digit of 2661284?
6
What is the ten thousands digit of 865288?
6
What is the millions digit of 24613608?
4
What is the millions digit of 8979696?
8
What is the thousands digit of 1766988?
6
What is the units digit of 1706638?
8
What is the hundreds digit of 11410?
4
What is the hundreds digit of 765824?
8
What is the ten thousands digit of 142665?
4
What is the ten thousands digit of 14124?
1
What is the thousands digit of 11646?
1
What is the hundreds digit of 141700?
7
What is the units digit of 1913387?
7
What is the hundreds digit of 2832886?
8
What is the thousands digit of 52382?
2
What is the thousands digit of 864451?
4
What is the units digit of 189067?
7
What is the tens digit of 1325009?
0
What is the ten thousands digit of 3061639?
6
What is the hundreds digit of 1011189?
1
What is the ten thousands digit of 22168?
2
What is the ten millions digit of 21076555?
2
What is the thousands digit of 25752166?
2
What is the hundreds digit of 70697?
6
What is the hundred thousands digit of 224959?
2
What is the thousands digit of 148782?
8
What is the millions digit of 6343220?
6
What is the hundred thousands digit of 6703177?
7
What is the thousands digit of 13479903?
9
What is the units digit of 5247386?
6
What is the tens digit of 8505?
0
What is the hundreds digit of 9378?
3
What is the tens digit of 3759041?
4
What is the ten thousands digit of 296803?
9
What is the hundred thousands digit of 517970?
5
What is the tens digit of 7847709?
0
What is the hundred thousands digit of 119514?
1
What is the tens digit of 523716?
1
What is the hundred thousands digit of 2012497?
0
What is the tens digit of 1003230?
3
What is the hundred thousands digit of 4011816?
0
What is the thousands digit of 151881?
1
What is the tens digit of 414254?
5
What is the hundreds digit of 297950?
9
What is the hundred thousands digit of 23530039?
5
What is the thousands digit of 3652?
3
What is the units digit of 18838066?
6
What is the units digit of 756812?
2
What is the millions digit of 3068040?
3
What is the hundreds digit of 699658?
6
What is the hundred thousands digit of 465960?
4
What is the units digit of 1998007?
7
What is the hundreds digit of 287997?
9
What is the ten thousands digit of 8935172?
3
What is the units digit of 322118?
8
What is the hundreds digit of 803028?
0
What is the ten thousands digit of 47919?
4
What is the ten thousands digit of 270117?
7
What is the thousands digit of 855143?
5
What is the units digit of 348665?
5
What is the thousands digit of 847360?
7
What is the tens digit of 25841?
4
What is the units digit of 2464052?
2
What is the units digit of 414398?
8
What is the units digit of 1556326?
6
What is the thousands digit of 96541?
6
What is the units digit of 2900127?
7
What is the millions digit of 14599395?
4
What is the tens digit of 10169887?
8
What is the hundreds digit of 13552994?
9
What is the thousands digit of 721180?
1
What is the hundred thousands digit of 7899254?
8
What is the units digit of 1892599?
9
What is the units digit of 85833?
3
What is the tens digit of 1875972?
7
What is the tens digit of 1693935?
3
What is the hundred thousands digit of 163721?
1
What is the hundred thousands digit of 2237337?
2
What is the thousands digit of 5161656?
1
What is the hundreds digit of 9630301?
3
What is the millions digit of 1788903?
1
What is the units digit of 643959?
9
What is the hundred thousands digit of 643457?
6
What is the units digit of 839070?
0
What is the thousands digit of 2839647?
9
What is the hundreds digit of 819878?
8
What is the tens digit of 1828746?
4
What is the hundred thousands digit of 345770?
3
What is the hundreds digit of 10130771?
7
What is the tens digit of 201654?
5
What is the hundred thousands digit of 27444911?
4
What is the hundreds digit of 69412?
4
What is the hundred thousands digit of 1069992?
0
What is the hundred thousands digit of 1540763?
5
What is the hundred thousands digit of 2193041?
1
What is the hundreds digit of 143261?
2
What is the hundreds digit of 332268?
2
What is the ten thousands digit of 110176?
1
What is the units digit of 275079?
9
What is the thousands digit of 230827?
0
What is the millions digit of 2958056?
2
What is the tens digit of 9869?
6
What is the hundred thousands digit of 36607192?
6
What is the millions digit of 2580560?
2
What is the hundreds digit of 21107403?
4
What is the hundreds digit of 2285061?
0
What is the hundred thousands digit of 264589?
2
What is the tens digit of 17596351?
5
What is the hundred thousands digit of 110315?
1
What is the millions digit of 6839768?
6
What is the units digit of 644966?
6
What is the millions digit of 7370193?
7
What is the hundreds digit of 6992255?
2
What is the hundred thousands digit of 13306076?
3
What is the millions digit of 1019722?
1
What is the thousands digit of 133809?
3
What is the hundreds digit of 837392?
3
What is the millions digit of 6584075?
6
What is the ten thousands digit of 28680?
2
What is the hundreds digit of 141041?
0
What is the units digit of 618315?
5
What is the units digit of 672074?
4
What is the units digit of 14583408?
8
What is the ten thousands digit of 2324811?
2
What is the ten thousands digit of 4150482?
5
What is the ten thousands digit of 14181930?
8
What is the thousands digit of 289574?
9
What is the hundreds digit of 77985?
9
What is the tens digit of 8777142?
4
What is the hundreds digit of 1311?
3
What is the tens digit of 30532981?
8
W